29 is divided by u?
9
Let c(z) = 7*z - 10. Suppose 5*s + k - 1113 = -0*k, 0 = -3*s - 2*k + 672. Suppose -h - s = -4*h. Calculate the remainder when h is divided by c(5).
24
Suppose g = -5*o + 16, -5*o + 4*g = -g - 10. Suppose -f + 7 = l - 0*f, 4*f - 26 = -o*l. Suppose -l*q + 60 = 3*q. What is the remainder when 23 is divided by q?
11
Suppose y - 149 = -3*j, 3*y - y + 230 = 5*j. What is the remainder when j is divided by 17?
14
Let g be 6 - (-2 - 0/(-2)). Calculate the remainder when 2/(2 - 32/17) is divided by g - (1 + -2)/1.
8
Let f(b) = 10*b**3 - 2*b**2 + 1. Let r be f(1). Calculate the remainder when r/(-6) - 244/(-8) is divided by 15.
14
Let t = -58 + 69. Let g = 82 + -28. Calculate the remainder when g is divided by t.
10
Suppose -k = -16 - 2. Suppose 3*s - s - 3*q = k, 3*q + 9 = -s. Let o = 13 + s. What is the remainder when 31 is divided by o?
15
Suppose 22 = 5*h - 8. Let m = -208 + 291. Suppose -6*i = -i + y - m, 3*y = i - 23. Calculate the remainder when i is divided by h.
5
Let l = -17 - -27. Let b = l - 7. What is the remainder when b is divided by 2?
1
Let q be (-8)/20 + 6/(-10). Calculate the remainder when 1/(1/q) + 53 is divided by 18.
16
Suppose 112 = 2*k + s, -5*k + 275 = 8*s - 3*s. Calculate the remainder when k is divided by 10.
7
Let q(i) = -i**3 + 4*i**2 + 9*i - 5. Let n be q(6). Calculate the remainder when 67 is divided by (-1 + 2)*n/(-1).
21
Suppose 0*n - 35 = -7*n. Suppose -a = -k + 11, -a + 4*a = 6. Calculate the remainder when k is divided by n.
3
Let v(r) = -25*r**3. Calculate the remainder when 72 is divided by v(-1).
22
Let f be 5*(-1)/(-5)*-3. Let i = f - -4. What is the remainder when i is divided by 1?
0
Suppose 5*j - 402 = 93. Suppose 2*x - j = -x. Suppose 5*g + 8 = x. Calculate the remainder when 8 is divided by g.
3
Let z(l) = -5*l - 7. Calculate the remainder when z(-9) is divided by 11.
5
Let n(p) = p**3 - 19*p**2 - 19*p - 3. Calculate the remainder when 66 is divided by n(20).
15
Suppose -6 = u - 3*u. Let n(v) = v**3 + 3*v + 3. Calculate the remainder when n(u) is divided by 20.
19
Let m(c) = -c**2 - 7*c - 1. Calculate the remainder when 43 is divided by m(-3).
10
Let y = 7 - 11. What is the remainder when 4 is divided by y + 7 + (-1 - -1)?
1
Let s(w) = w**3 + 4*w**2 - 2*w - 3. Let t be s(-3). Let x = 25 + 18. What is the remainder when x is divided by 1 + (-2)/(-1) + t?
13
Let o(r) = 5*r + 6. Let a(k) = 3*k + 3. Let y(q) = -5*a(q) + 2*o(q). Let w = 29 + 3. Calculate the remainder when w is divided by y(-4).
15
Suppose -u - 15 = -4*r, -4*u = 5*r - 2*r - 16. Let j be u/(0 + -3 + 2). What is the remainder when 21 is divided by 2 + (18/(-2))/j?
10
Let t = -120 + 72. Let k = -30 - t. Let x(d) = -d**2 + 12*d + 8. What is the remainder when x(9) is divided by k?
17
Let p = -5 + 10. Let v(t) = -t**2 + 7*t + 2. Suppose 3*a - 100 = 2. Calculate the remainder when a is divided by v(p).
10
Suppose -2 + 3 = p. Let o be 6 - (-2 + (p - -2)). Suppose o*q - 69 = -24. What is the remainder when q is divided by 5?
4
Suppose -20 = -3*m + o, -3*m - 5*o = -0*o - 44. Let v(l) = l + 1. Let h(j) = 5*j - 4. Let c(w) = h(w) - 3*v(w). What is the remainder when m is divided by c(6)?
3
Suppose 2*p = -0*p + 34. Let n = 30 - p. Let o = 78 - 41. What is the remainder when o is divided by n?
11
Let b = 119 - 111. What is the remainder when 27 is divided by b?
3
Let m(p) = 4*p**2 - 3*p + 1. Calculate the remainder when m(-3) is divided by 22.
2
Let p = -4 + 7. What is the remainder when 7 is divided by p?
1
Let d(u) = u**3 + 10*u**2 + 7*u - 7. Let k be d(-8). Let l = 3 + -1. Suppose -3*h = l - k. What is the remainder when h is divided by 11?
10
Suppose 5*r + 152 = 3*l, l = -2*l + r + 136. Calculate the remainder when l is divided by 8.
4
Suppose 187 = 3*g - 2*z, -2*g - 3*z + 7*z + 130 = 0. Let i = -9 + 16. Suppose 11 + i = o + 3*u, -5*o + 102 = 3*u. What is the remainder when g is divided by o?
19
Suppose i - 21 = -2*i. Suppose -d = -1 - i. Calculate the remainder when 23 is divided by d.
7
Suppose 2*u + 11 - 1 = 0. Let a be 10/6 + u/(-15). Calculate the remainder when ((-4)/(-5))/(a/95) is divided by 13.
12
Let c = 27 + -1. Let p(n) = 2*n**2 - 8*n + 9. Calculate the remainder when c is divided by p(4).
8
Let w = -10 + 11. What is the remainder when w/2*-6 + 21 is divided by 10?
8
Suppose -75 = 4*r + 3*o, 4 + 6 = -2*o. Let f = r + 36. Suppose -4*u + l + f = -41, 0 = -3*u - 5*l + 58. What is the remainder when u is divided by 6?
4
Let u = 4 + -2. Let c(j) = -6*j**2 + 2*j + j**3 + 7 + 2*j + 0*j + 2*j**u. Calculate the remainder when c(5) is divided by 27.
25
What is the remainder when 35 is divided by 88/10 + (-4)/(-20)?
8
Let m be (-2 + 1)/((-6)/(-30)). Let n(t) = -t**2 - 5*t + 4. Calculate the remainder when 5 is divided by n(m).
1
Suppose -20 = -5*l - 5. Suppose -2*h - 4*i = 2*h - 40, -15 = l*i. What is the remainder when 42 is divided by h?
12
Suppose -11 = d + 4*m, 16 = 3*d - 2*m - 7. Suppose -d*g + 3 = -47. Calculate the remainder when (-460)/(-25) + 9/15 is divided by g.
9
Suppose 1 = -2*w - 1. Let t = w + -1. Let s = t - -13. What is the remainder when s is divided by 4?
3
Let j(t) = 5*t + 8. What is the remainder when j(6) is divided by 8?
6
Suppose -4 + 0 = -d. Suppose 3*s - 8 = 5*q, 5*s + 14 = d*s + 5*q. Calculate the remainder when s is divided by 3.
2
Let g = 12 + -6. What is the remainder when 34 is divided by 15*(-1)/((-10)/g)?
7
Let m = 3 + 5. Suppose -m + 2 = -3*q. What is the remainder when 3 is divided by q?
1
Let a = 79 - 0. What is the remainder when a is divided by 10?
9
Suppose -5*s + 6*s = 16. Suppose -5*d - 12 = -7*d. Calculate the remainder when s is divided by d.
4
Let k(v) = -2*v - 2. Let g be k(-2). Let r = g + 2. What is the remainder when 14 is divided by r?
2
Let k(o) = o**3 + 9*o**2 - 14*o + 14. Calculate the remainder when k(-10) is divided by 11.
10
Suppose 0*x - 145 = -5*x. Let k(r) = r**2 + 2*r - 1. Let y be k(1). Suppose -t = -8 - y. What is the remainder when x is divided by t?
9
Suppose -4*d = 2*z - 32, -4*d + 7*d - 6 = 0. Suppose 2*y - 32 = z. What is the remainder when y is divided by 8?
6
Let t(r) = -2*r**2 + 10*r - 2. Let y be t(4). Suppose q + q + 4*u = 50, -3*u = -y. What is the remainder when q is divided by 11?
10
Let g(b) = -9*b - 14. Let y = 24 + -13. Calculate the remainder when g(-5) is divided by y.
9
Suppose o = -3*n + 93, 19 = -2*o - n + 230. Suppose -3*l + 0*l = -o. Let q = 10 + 3. Calculate the remainder when l is divided by q.
10
Let g(c) = -c**3 - 7*c**2 - 2*c - 1. Let d be (-1)/(-4) - 98/8. Let u = d + 5. What is the remainder when 37 is divided by g(u)?
11
Suppose 3*y - 37 = 38. Calculate the remainder when 122 is divided by y.
22
Let n = 166 + -163. What is the remainder when n is divided by 3?
0
Suppose 5*v + 3*l = 23 - 1, l - 4 = 0. Calculate the remainder when 5 is divided by v.
1
Let a(r) = 19*r**2 - r. Suppose 2 = 5*h - 5*t - 3, 4*h - t = 4. Calculate the remainder when 35 is divided by a(h).
17
Suppose -p = -3*r - 44, -4*r = 3*p - 49 - 57. Suppose -9*t = -5*t - 4*l - 84, 3*l = 2*t - 43. Calculate the remainder when p is divided by t.
18
Let h(b) = -7*b - 8. Calculate the remainder when h(-5) is divided by 6.
3
What is the remainder when 54 is divided by 58/3 - 7/21?
16
Let c(n) = 7*n**3 - n**2. What is the remainder when 6 is divided by c(1)?
0
Let x(f) = 11*f**2 - 2*f + 2. Calculate the remainder when 2/((-61)/21 + 3) is divided by x(1).
10
Let w(k) = -3*k - 1. Let v be w(1). Let t = v - -21. What is the remainder when 32 is divided by t?
15
Let a = 26 + -15. Suppose 12*w = 4*w + 240. Calculate the remainder when w is divided by a.
8
Let b = 165 + -111. What is the remainder when b + 1 - (-8 - -5) is divided by 20?
18
Let i be 1*(-3)/(-3)*2. Suppose 129 = 5*a - t, 3*t = i*a + 2*t - 54. Calculate the remainder when a is divided by 13.
12
Let b be (-6)/3 - (-1 - 15). Suppose -26 = -4*o + b. What is the remainder when 10 is divided by ((-6)/5)/((-3)/o)?
2
Let q = -7 + 27. Calculate the remainder when 40 is divided by (-4)/20 + 224/q.
7
Suppose -5*f + 25 = 3*j + 2*j, 2*f - 16 = -4*j. Suppose j*a - 29 = 19. What is the remainder when 44 is divided by a?
12
Let n(j) = -5*j. Suppose -101 - 102 = -7*s. What is the remainder when s is divided by n(-2)?
9
Let v = 2 + 54. Supp